 + 51. What are the prime factors of y(3)?
149
Let n(j) = -4479*j - 655. List the prime factors of n(-11).
2, 109, 223
Suppose -4*n = 2*c - 81108, 243205 = 6*c + 20*n - 25*n. List the prime factors of c.
2, 5, 2027
Let k be 2*(-4)/24 + 16131/9. Suppose -f - 4*f + k = 2*p, 3*f - 1079 = -5*p. What are the prime factors of f?
2, 179
Let g = -119 - -41. Let s(p) = 19*p**2 - 228*p + 3. Let i be s(11). Let u = g - i. List the prime factors of u.
2
What are the prime factors of -35 + 16 + 4 - -4268?
4253
Let m = 141 + 19. Let o = m + 22. What are the prime factors of o?
2, 7, 13
Let m(s) = 216*s**2 + 11*s + 6. List the prime factors of m(7).
10667
Let x(z) = 151*z + 5623. List the prime factors of x(0).
5623
Suppose -80*i + 3538171 = -15*i + 362336. What are the prime factors of i?
48859
Suppose -252*v = -285*v + 45210. What are the prime factors of v?
2, 5, 137
Suppose 6 = 2*g, r + 3*g + 227 - 884 = 0. Let o = r - 288. Suppose -i + 537 = 4*z, 4*z - o = 4*i + 192. List the prime factors of z.
3, 5
Let k = -29933 - -52972. List the prime factors of k.
23039
Let m(t) = 3*t - 2*t - 3*t - 3 - 2*t. Let y(u) = -1. Let i(l) = -m(l) + 4*y(l). What are the prime factors of i(9)?
5, 7
Let w(j) = j**2 + 6*j + 2. Suppose -6*z + 18 = -42. Let s be w(z). Suppose 5*r - 315 = 4*q, s = 3*r - 0*r + 3*q. List the prime factors of r.
59
What are the prime factors of ((-22)/(-18) - 1) + ((-371036000)/(-720))/10?
29, 1777
Let f(b) = -2*b**2 + 2*b + 45. Let l be f(-5). Let m(t) = -18*t - 24. List the prime factors of m(l).
2, 3, 41
Let p be 171 - -3*(-6)/18. Suppose w + z - p = 27, 773 = 4*w + z. List the prime factors of w.
2, 3
Let u(p) = 91 + 2*p**2 + 19*p - 31*p + 80*p. List the prime factors of u(-39).
13, 37
Let c(t) = 9379*t**2 - 230*t - 231. What are the prime factors of c(-1)?
2, 3, 521
Suppose 0*t = 4*t - 52. Suppose -5*w - i = i - 1, 4*i = 5*w - t. List the prime factors of -1 - (-208 + 4 + w).
2, 101
Let u = -33238 + 55493. What are the prime factors of u?
5, 4451
Suppose -3*s - 18 = -159. Let k = s + -43. Suppose 0 = 2*q - k*q + 22. What are the prime factors of q?
11
Suppose 110150 = 5*u + 29*c - 24*c, 0 = -2*u + 4*c + 44078. List the prime factors of u.
11, 2003
Suppose 2*m - 2*f - 8088 = 0, -4*m + 2*f + 16205 = 31. List the prime factors of m.
13, 311
List the prime factors of 9 + (-8 - -30*(-6)/(-12)).
2
What are the prime factors of 12/((-48)/298)*-224?
2, 7, 149
List the prime factors of ((-21)/(-21))/(29/10614).
2, 3, 61
Suppose 0 = -5*p + 6*p - 2. Suppose -108 = 3*k - p*f, -5*f - 36 = k - 0*k. Let x = -11 - k. List the prime factors of x.
5
Suppose -2*z - 664 = -5*k, 5*k - z + 0*z - 662 = 0. Suppose -k = 5*n - 8*n. Suppose 5*h - n = -4*d + 79, 0 = 3*d - 3*h - 72. List the prime factors of d.
3
Let z(v) = -2*v**3 - 6*v**2 + 8*v - 10. Let m(l) = l**2 + 16*l - 24. Let g be m(-17). What are the prime factors of z(g)?
2, 163
List the prime factors of (154/44 - 6)*1172/(-1).
2, 5, 293
Let g(m) = m**3 + 19*m**2 + 23*m + 2. What are the prime factors of g(10)?
2, 3, 29
Suppose 69 = -2*c + 175. Let u be -4 - (0 + -2 - c). Let j = -2 + u. What are the prime factors of j?
7
Let m = -203 - -211. Suppose 4*f - 5*f - 489 = -j, 0 = 4*f - m. What are the prime factors of j?
491
Let j(p) = 35*p**3 - 9*p**2 - 25*p - 60. List the prime factors of j(13).
31, 41, 59
Let n = -368 + 370. Suppose -2*l - 2 - 6 = 0, -5*l = -n*o + 204. List the prime factors of o.
2, 23
Suppose 5*a - 171312 = -13*n + 16*n, 4*n - 68556 = -2*a. List the prime factors of a.
2, 3, 5711
Let c(y) = -2015*y + 6486. What are the prime factors of c(-41)?
89101
Let y = 354 - 349. Let v(r) = -25*r + 13. Let c(b) = -12*b + 6. Let p(u) = -5*c(u) + 2*v(u). List the prime factors of p(y).
2, 23
Suppose 0 = 32*z - 74*z + 30*z + 168576. What are the prime factors of z?
2, 439
Let u(t) = t**3 + 7*t**2 - 3*t - 17. Let s be u(-7). Suppose 4*j - v + 1056 = 4348, -2*v = s*j - 3280. What are the prime factors of j?
2, 3, 137
Let w(s) = 84*s**3 - 5*s**2 - 2*s - 6. Let m(v) = -85*v**3 + 6*v**2 + v + 6. Let l(k) = -3*m(k) - 4*w(k). List the prime factors of l(-2).
2, 163
Let h(v) = 4*v**2 - 4*v - 9. Suppose -2*n + 2 + 14 = 0. Let d(x) = x**2 - 6*x - 10. Let z be d(n). List the prime factors of h(z).
3, 37
Let w = 7683 + 9987. What are the prime factors of w?
2, 3, 5, 19, 31
Let y(j) be the second derivative of 11*j**5/120 - 5*j**4/24 + 4*j**3/3 - 2*j. Let t(p) be the second derivative of y(p). List the prime factors of t(3).
2, 7
Let r = 56968 - 40220. List the prime factors of r.
2, 53, 79
Let o = 666 - 609. Suppose 67*g - o*g = 410. List the prime factors of g.
41
Let y(h) = 1463*h**3 - 5*h**2 + 304*h - 905. What are the prime factors of y(3)?
19, 31, 67
Suppose 1584352 - 7008472 = -114*w. List the prime factors of w.
2, 3, 5, 13, 61
Suppose -b - 12 = -166. Let t = -89 + b. Let k = 91 - t. What are the prime factors of k?
2, 13
Suppose 15 = 3*f - 2*w - 4, w = 4. Suppose -14 = -n - f, -2*z + 1185 = -n. What are the prime factors of z?
5, 7, 17
Let c(j) = -1. Let w(o) = 80*o + 5. Let z(m) = -6*c(m) - w(m). List the prime factors of z(-6).
13, 37
Suppose 3*q - 2*t + 2 = 2*t, 4 = 4*q - 2*t. Suppose 11*n = q*n + 126. Suppose 44 = u - n. List the prime factors of u.
2, 29
What are the prime factors of 7 - 496/72 - (2 - (-144287)/(-9))?
2, 5, 7, 229
Let h = 164 + -190. Let y(a) = -a + 112. What are the prime factors of y(h)?
2, 3, 23
Suppose 20*x - 216073 = 103247. What are the prime factors of x?
2, 3, 887
Let p(f) = f**2 - 7*f + 22. Let c be p(7). Suppose 3*y = 3*z - 468, 4*y + c = 6. List the prime factors of z.
2, 19
Let q be (17 - 15)*(-1 + -2 + 2). List the prime factors of q - (-2 - -4)*1435/(-10).
3, 5, 19
Suppose -17*u + 288147 = -16443 - 14381. What are the prime factors of u?
29, 647
Suppose 60*v - 1018658 = 364*v - 5102290. What are the prime factors of v?
7, 19, 101
List the prime factors of -9986*(-2 - (-26)/14)/(2/7).
4993
Suppose -22 = -5*g + 3*x + 7, 0 = 3*x + 9. Suppose w = k - 2*w - 434, -1775 = -g*k - w. List the prime factors of k.
443
Let n(b) = b**3 + 6*b**2 + 5*b + 2. Let m be n(-5). Let v be (-28)/(-35)*5/m. Suppose -5*i + 270 = 5*f, -5*f - 130 = -v*i - i. What are the prime factors of i?
2, 5
List the prime factors of 2 + (9 - 5)*365313/34.
2, 5, 7, 307
Suppose 141 = -o + 4*o. Let m = 43 - o. What are the prime factors of 114/m*(-6)/3?
3, 19
Let b(g) = -4*g**3 + g**2 - g - 2. Let i be b(-1). Suppose i*w - 122 = 2*w. Let f = w + -44. List the prime factors of f.
17
Suppose b - 3*b = -84. Let o = -8 + b. Suppose s - 113 = 5*k, -3*s - 4*k + 400 + o = 0. List the prime factors of s.
2, 3, 23
Let n(h) = 55 + h**2 + 20 - 28*h + 24*h. What are the prime factors of n(-11)?
2, 3, 5
Let x = 152 - 148. Suppose 5*f - 1515 = -5*j, 0 = -2*f + 3*f - x*j - 303. What are the prime factors of f?
3, 101
Suppose 0 = 3*s + s - 20. Let m(g) = -7*g**2 - 2*g + 8. Let l be m(s). Let q = -88 - l. What are the prime factors of q?
89
Let z(o) = 60*o + 11. Let f be z(3). Let s be 5/(-2)*(1 + -4 - f). What are the prime factors of 1 + -4 + s/5?
2, 47
Let y(s) = s**3 - 32*s**2 - 65*s + 1102. List the prime factors of y(35).
2, 3, 139
List the prime factors of ((-168012)/252)/(1/(-7)).
13, 359
Let p be 1/((-72)/70 + 1). Let v(f) = -35*f - 85. Let b be v(-2). Let c = b - p. What are the prime factors of c?
2, 5
Suppose 3*f = 65 - 44. Let s(c) = c**3 - 8*c**2 + 15*c + 14. List the prime factors of s(f).
2, 5, 7
Suppose 4*g = -132 - 32. Suppose -a = 3*a - 12. Let q = a - g. What are the prime factors of q?
2, 11
Let l(m) = -2571*m - 3139. List the prime factors of l(-11).
2, 13, 967
Let q = -19711 - -27885. List the prime factors of q.
2, 61, 67
Let v be ((-10)/30)/(3/(-2259)). Suppose -g + 4*o = -152, 195 = 3*g - 2*o - v. Suppose 0 = 4*y - g - 208. What are the prime factors of y?
89
What are the prime factors of (-2)/(-7) + (10250010/315 - (6 + -1))?
3, 5, 241
Let l(m) = 107*m - 441. List the prime factors of l(24).
3, 709
Suppose 0 = -4*b + 111 + 513. Suppose 2 = -4*y + 18, 0 = -4*g + y + b. List the prime factors of ((-44)/8)/((-5)/g).
2, 11
Suppose 2*z + 23914 = n, -9*n + 12*n - 71702 = -4*z. List the prime factors of n.
2, 11953
Suppose 0 = 21*m + 1175 + 1555. Let t = 489 - m. What are the prime factors of t?
619
Let u(x) =